a composite number?
True
Is 14829429 prime?
False
Is 5750221 prime?
False
Is 2433157 a composite number?
True
Is 722963 a composite number?
False
Is 8988893 composite?
True
Is 3603659 a prime number?
True
Is 9346013 a composite number?
True
Is 1566149 composite?
True
Is 6385733 prime?
True
Is 215458111 composite?
True
Is 5471699 prime?
True
Is 112892467 prime?
True
Is 8490011 a prime number?
False
Is 4968739 composite?
False
Is 171671711 a composite number?
False
Is 211361 a composite number?
True
Is 154491683 composite?
True
Is 99904873 composite?
False
Is 333402941 a composite number?
True
Is 4145285 a composite number?
True
Is 607619 a prime number?
True
Is 64534339 composite?
False
Is 4768661 prime?
True
Is 1747117 a composite number?
False
Is 156675283 prime?
True
Is 102929 composite?
False
Is 2657231 a prime number?
True
Is 14440697 a composite number?
False
Is 289281541 prime?
False
Is 20338603 composite?
True
Is 1478549 prime?
True
Is 126017665 a composite number?
True
Is 653083 a composite number?
False
Is 118872461 prime?
True
Is 93515647 composite?
False
Is 183761 prime?
True
Is 126149 prime?
False
Is 4171573 a prime number?
False
Is 1929749 a prime number?
True
Is 147977669 a composite number?
True
Is 4716893 prime?
False
Is 2954059 prime?
True
Is 23556719 a prime number?
True
Is 47071457 a composite number?
True
Is 6290467 a prime number?
True
Is 1891081 a prime number?
False
Is 2505749 a composite number?
True
Is 8061067 a composite number?
True
Is 2326847 composite?
False
Is 11678653 a prime number?
False
Is 6785821 composite?
True
Is 321797677 a composite number?
False
Is 5024777 composite?
False
Is 23243513 prime?
False
Is 33345749 a composite number?
False
Is 3212849 a prime number?
True
Is 125742077 composite?
False
Is 174018913 composite?
False
Is 2326979 a prime number?
False
Is 138603837 prime?
False
Is 33663187 prime?
True
Is 2087149 a prime number?
False
Is 31680629 composite?
False
Is 888827 prime?
True
Is 1778913457 composite?
False
Is 15220999 a composite number?
True
Is 7946969 prime?
True
Is 844401169 a composite number?
True
Is 2232473 prime?
False
Is 3843157 prime?
False
Is 7027823 prime?
False
Is 273014759 a composite number?
False
Is 1347461 composite?
True
Is 2617781 composite?
True
Is 41649437 composite?
False
Is 8240249 a prime number?
True
Is 3733297 prime?
True
Is 246537041 a composite number?
False
Is 26112971 composite?
False
Is 1779571 a prime number?
True
Is 872511 a prime number?
False
Is 112453 a composite number?
True
Is 756859 a prime number?
False
Is 103393189 a prime number?
True
Is 2352235 prime?
False
Is 257906053 a composite number?
True
Is 10315911 a composite number?
True
Is 708251 a composite number?
False
Is 10254581 composite?
False
Is 2601163 a composite number?
True
Is 4131851 a prime number?
True
Is 69802189 prime?
False
Is 81211 a composite number?
True
Is 7780433 composite?
True
Is 2435626 a prime number?
False
Is 4755677 prime?
True
Is 1445729 prime?
False
Is 24277361 composite?
False
Is 454128305 a prime number?
False
Is 32347531 a prime number?
False
Is 6223271 prime?
False
Is 1161607 prime?
False
Is 68260097 a prime number?
True
Is 9299107 composite?
True
Is 575951 composite?
True
Is 2800741 prime?
False
Is 3967793 prime?
True
Is 6579091 a prime number?
False
Is 196249489 prime?
False
Is 18015017 a composite number?
False
Is 4488817 prime?
True
Is 256711009 prime?
True
Is 393377893 a composite number?
True
Is 9787247 a composite number?
True
Is 10234139 a composite number?
True
Is 4762469 composite?
False
Is 44341303 a prime number?
True
Is 895715 composite?
True
Is 523189 composite?
True
Is 166104487 a composite number?
True
Is 1604073095 a composite number?
True
Is 38224127 composite?
True
Is 566381 a prime number?
False
Is 16297313 a prime number?
True
Is 263832091 a prime number?
False
Is 16568403 a composite number?
True
Is 3128327 a composite number?
True
Is 45562339 prime?
True
Is 356009158 a composite number?
True
Is 14829587 a prime number?
True
Is 347785747 a prime number?
False
Is 76864901 composite?
False
Is 4426337 prime?
True
Is 332410817 composite?
True
Is 16536683 composite?
True
Is 569369 prime?
True
Is 18378047 a prime number?
True
Is 1136815 a prime number?
False
Is 415897 composite?
True
Is 9538553 a composite number?
False
Is 304063 a composite number?
False
Is 6847283 a composite number?
False
Is 633203707 prime?
True
Is 2593663 composite?
True
Is 894059 a composite number?
False
Is 88876279 prime?
False
Is 4128197 a prime number?
False
Is 4230683 a prime number?
True
Is 657394519 a composite number?
False
Is 15219053 a composite number?
False
Is 121218406 a composite number?
True
Is 36196987 prime?
True
Is 13681397 prime?
True
Is 6520427 a composite number?
True
Is 4238373 a composite number?
True
Is 291140771 a prime number?
False
Is 101655641 a composite number?
False
Is 171835129 prime?
True
Is 1096951 a prime number?
True
Is 15784883 a composite number?
True
Is 767118541 prime?
False
Is 65413358 prime?
False
Is 24612769 prime?
False
Is 32350613 a composite number?
False
Is 459257 composite?
False
Is 217969 a prime number?
True
Is 19493907 a prime number?
False
Is 4382591 a prime number?
True
Is 3256471 a prime number?
True
Is 1299203 prime?
True
Is 454237 a composite number?
True
Is 90790969 prime?
True
Is 11189767 a prime number?
True
Is 49711769 a prime number?
True
Is 2310643 composite?
False
Is 32250893 prime?
False
Is 34014887 prime?
False
Is 470297 composite?
False
Is 170233081 a prime number?
False
Is 379174954 composite?
True
Is 9913042 a composite number?
True
Is 19821349 a composite number?
False
Is 5956879 composite?
True
Is 43021729 a composite number?
False
Is 27509063 composite?
False
Is 21574781 composite?
False
Is 695111 composite?
False
Is 227994673 prime?
False
Is 1495127 a prime number?
False
Is 5094487 a composite number?
False
Is 146611363 composite?
False
Is 42420683 prime?
True
Is 116089 a prime number?
True
Is 25161727 prime?
True
Is 3900379 prime?
False
Is 31465285 a prime number?
False
Is 1019867 a composite number?
True
Is 2219831 a prime number?
True
Is 234084551 a prime number?
True
Is 28647303 prime?
False
Is 17451409 a composite number?
False
Is 2949031 a composite number?
True
Is 213973 a composite number?
False
Is 1909409 prime?
True
Is 14244059 a prime number?
True
Is 1074270529 a composite number?
False
Is 50503723 composite?
False
Is 252779 a composite number?
False
Is 989665 a prime number?
False
Is 11566157 a composite number?
True
Is 74486257 prime?
True
Is 19577101 a composite number?
False
Is 3676373 a composite number?
False
Is 26571637 prime?
True
Is 238454 a composite number?
True
Is 44851051 composite?
True
Is 20065391 prime?
False
Is 3045061 composite?
True
Is 6155111 a composite number?
True
Is 143353849 a composite number?
True
Is 2861801 a prime number?
True
Is 23410843 a composite number?
False
Is 2324359 prime?
False
Is 14587883 a composite number?
True
Is 16068049 a prime number?
True
Is 235039571 prime?
False
Is 333619837 a composite number?
True
Is 102162967 composite?
False
Is 22248497 a prime number?
False
Is 42777541 a composite number?
False
Is 680960365 composite?
True
Is 42516163 a composite number?
True
Is 183280171 a composite number?
False
Is 403303 a composite number?
True
Is 2178853 composite?
True
Is 8293783 a composite number?
False
Is 1801003 composite?
False
Is 9070223 a composite number?
False
Is 1152993 prime?
False
Is 26300893 a prime number?
True
Is 68684303 composite?
True
Is 1432237 a composite number?
True
Is 6111871 prime?
False
Is 23033231 prime?
False
Is 6755797 a prime number?
True
Is 3448243 a prime number?
True
Is 5890397 a composite number?
False
Is 5935739 a prime number?
True
Is 31303 prime?
False
Is 52681033 composite?
False
Is 6079679 composite?
True
Is 3394553 prime?
True
Is 59204433 composite?
True
Is 40285717 a prime number?
False
Is 7083109 a composite number?
True
Is 4044161 composite?
True
Is 96389395 a composite number?
True
Is 8471611 a prime number?
True
Is 4795579 a composite number?
True
Is 9843139 prime?
True
Is 8587517 a composite number?
True
Is 20347567 composite?
False
Is 7432019 a composite number?
True
Is 30416153 prime?
False
Is 228091007 a pri